{"id":55,"date":"2021-05-12T09:58:42","date_gmt":"2021-05-12T12:58:42","guid":{"rendered":"http:\/\/lamap.ufjf.br\/\/quinelato\/?page_id=55"},"modified":"2023-03-24T14:37:50","modified_gmt":"2023-03-24T17:37:50","slug":"student-advising","status":"publish","type":"page","link":"http:\/\/lamap.ufjf.br\/\/quinelato\/student-advising\/","title":{"rendered":"Student Advising"},"content":{"rendered":"\n<p><strong>DSc.<\/strong><\/p>\n\n\n\n<p>Filipe Fernandes de Paula (UFJF, 2022). Conservative Numerical Methods to Solve the Two-Phase Flow in Porous Media Including Foam Displacement (Co-advising).<\/p>\n\n\n\n<p><strong>MSc.<\/strong><\/p>\n\n\n\n<p>Rodrigo Barbosa Moreira (UFJF, 2020). Estudo das propriedades de varia\u00e7\u00e3o total para dois m\u00e9todos de elementos finitos: Runge-Kutta Galerkin descont\u00ednuo e misto-h\u00edbrido (Co-advising).<\/p>\n\n\n\n<p><strong>Undergraduate<\/strong><\/p>\n\n\n\n<p>Gustavo Henrique Silva Sarturi (UFPR, ongoing). An\u00e1lise de Estabilidade em Modelos de Equa\u00e7\u00f5es Diferenciais Aplicadas a um Sistema Banc\u00e1rio.<\/p>\n\n\n\n<p>Janaina Cristina Mendes Carvalho dos Santos Ramos (UFPR, 2023). Solu\u00e7\u00e3o Num\u00e9rica de Equa\u00e7\u00f5es Diferenciais Usando o M\u00e9todo dos Elementos Finitos.<\/p>\n\n\n\n<p><strong>Undergraduate Research<\/strong><\/p>\n\n\n\n<p>Axel Willian Fernandes Ruiz (PICME \/ UFPR, 2023). Gera\u00e7\u00e3o de Campos Gaussianos.<\/p>\n\n\n\n<p>Leonilso Fandres Wrublak (PICME \/ UFSS, ongoing). M\u00e9todos Num\u00e9ricos para Ajuste de Curvas e Aproxima\u00e7\u00e3o de Solu\u00e7\u00f5es para Equa\u00e7\u00f5es Diferenciais.<\/p>\n","protected":false},"excerpt":{"rendered":"<p>DSc. Filipe Fernandes de Paula (UFJF, 2022). Conservative Numerical Methods to Solve the Two-Phase Flow in Porous Media Including Foam Displacement (Co-advising). MSc. Rodrigo Barbosa Moreira (UFJF, 2020). Estudo das propriedades de varia\u00e7\u00e3o total para dois m\u00e9todos de elementos finitos: Runge-Kutta Galerkin descont\u00ednuo e misto-h\u00edbrido (Co-advising). Undergraduate Gustavo Henrique Silva Sarturi (UFPR, ongoing). An\u00e1lise de &hellip;<\/p>\n<p class=\"read-more\"> <a class=\"\" href=\"http:\/\/lamap.ufjf.br\/\/quinelato\/student-advising\/\"> <span class=\"screen-reader-text\">Student Advising<\/span> Read More &raquo;<\/a><\/p>\n","protected":false},"author":5,"featured_media":0,"parent":0,"menu_order":0,"comment_status":"closed","ping_status":"closed","template":"","meta":{"_uag_custom_page_level_css":"","site-sidebar-layout":"default","site-content-layout":"default","ast-global-header-display":"","ast-main-header-display":"","ast-hfb-above-header-display":"","ast-hfb-below-header-display":"","ast-hfb-mobile-header-display":"","site-post-title":"","ast-breadcrumbs-content":"","ast-featured-img":"","footer-sml-layout":"","theme-transparent-header-meta":"default","adv-header-id-meta":"","stick-header-meta":"","header-above-stick-meta":"","header-main-stick-meta":"","header-below-stick-meta":"","footnotes":""},"uagb_featured_image_src":{"full":false,"thumbnail":false,"medium":false,"medium_large":false,"large":false,"1536x1536":false,"2048x2048":false},"uagb_author_info":{"display_name":"Thiago Quinelato","author_link":"http:\/\/lamap.ufjf.br\/\/quinelato\/author\/quinelato\/"},"uagb_comment_info":0,"uagb_excerpt":"DSc. Filipe Fernandes de Paula (UFJF, 2022). Conservative Numerical Methods to Solve the Two-Phase Flow in Porous Media Including Foam Displacement (Co-advising). MSc. Rodrigo Barbosa Moreira (UFJF, 2020). Estudo das propriedades de varia\u00e7\u00e3o total para dois m\u00e9todos de elementos finitos: Runge-Kutta Galerkin descont\u00ednuo e misto-h\u00edbrido (Co-advising). Undergraduate Gustavo Henrique Silva Sarturi (UFPR, ongoing). An\u00e1lise de&hellip;","_links":{"self":[{"href":"http:\/\/lamap.ufjf.br\/\/quinelato\/wp-json\/wp\/v2\/pages\/55"}],"collection":[{"href":"http:\/\/lamap.ufjf.br\/\/quinelato\/wp-json\/wp\/v2\/pages"}],"about":[{"href":"http:\/\/lamap.ufjf.br\/\/quinelato\/wp-json\/wp\/v2\/types\/page"}],"author":[{"embeddable":true,"href":"http:\/\/lamap.ufjf.br\/\/quinelato\/wp-json\/wp\/v2\/users\/5"}],"replies":[{"embeddable":true,"href":"http:\/\/lamap.ufjf.br\/\/quinelato\/wp-json\/wp\/v2\/comments?post=55"}],"version-history":[{"count":7,"href":"http:\/\/lamap.ufjf.br\/\/quinelato\/wp-json\/wp\/v2\/pages\/55\/revisions"}],"predecessor-version":[{"id":91,"href":"http:\/\/lamap.ufjf.br\/\/quinelato\/wp-json\/wp\/v2\/pages\/55\/revisions\/91"}],"wp:attachment":[{"href":"http:\/\/lamap.ufjf.br\/\/quinelato\/wp-json\/wp\/v2\/media?parent=55"}],"curies":[{"name":"wp","href":"https:\/\/api.w.org\/{rel}","templated":true}]}}