{"id":33,"date":"2021-04-28T20:28:00","date_gmt":"2021-04-28T23:28:00","guid":{"rendered":"http:\/\/lamap.ufjf.br\/grigori\/?page_id=33"},"modified":"2021-04-28T20:40:08","modified_gmt":"2021-04-28T23:40:08","slug":"calculo-iii","status":"publish","type":"page","link":"http:\/\/lamap.ufjf.br\/grigori\/calculo-iii\/","title":{"rendered":"C\u00e1lculo III"},"content":{"rendered":"\n<p>(2010)<\/p>\n\n\n\n<p><a href=\"http:\/\/grigori.impa.br\/site\/arquivos\/C3\/calculo3_mat157.pdf\">Ementa oficial do curso.<\/a><\/p>\n\n\n\n<h4 class=\"wp-block-heading\">Fun\u00e7\u00f5es Vetoriais<\/h4>\n\n\n\n<ul><li>Lista de exerc\u00edcios:&nbsp;<a href=\"http:\/\/grigori.impa.br\/site\/arquivos\/C3\/ListaC3_1.pdf\">Atualizada<\/a><\/li><li>TVC 1, 1\u00aa chamada:&nbsp;<\/li><\/ul>\n\n\n\n<h4 class=\"wp-block-heading\">Integrais M\u00faltiplas e Integrais Curvilineas (parte)<\/h4>\n\n\n\n<ul><li>Lista de exerc\u00edcios:&nbsp;<a href=\"http:\/\/grigori.impa.br\/site\/arquivos\/C3\/ListaC3_2.pdf\">Relativa a cap\u00edtulos 7 e 8<\/a><\/li><li>TVC 2, 1\u00aa chamada: 01\/06\/2010<\/li><\/ul>\n\n\n\n<h4 class=\"wp-block-heading\">Integrais Curvilineas (parte) e Integrais de Superf\u00edcie<\/h4>\n\n\n\n<ul><li>Lista de exerc\u00edcios:<\/li><li>TVC 3, 1\u00aa chamada:&nbsp;<\/li><\/ul>\n\n\n\n<h4 class=\"wp-block-heading\">Bibliografia:<\/h4>\n\n\n\n<ul><li>Gon\u00e7alves, M.B., Flemming, D. M., C\u00e1lculo B, Pearson, 2007. (Livro Principal)<\/li><li>Diomara Pinto, M.C.F. Morgado, C\u00e1lculo Diferencial e Integral de Fun\u00e7\u00f5es de V\u00e1rias Variaveis, UFRJ, 1999.<\/li><\/ul>\n\n\n\n<h4 class=\"wp-block-heading\">OBS: N\u00e3o ter\u00e1 prova opcional.<\/h4>\n\n\n\n<p><strong>Provas de 2010:&nbsp;<a href=\"http:\/\/grigori.impa.br\/site\/arquivos\/C3\/TVC1.pdf\">TVC1<\/a>,&nbsp;<a href=\"http:\/\/grigori.impa.br\/site\/arquivos\/C3\/TVC2.pdf\">TVC2<\/a>,&nbsp;<a href=\"http:\/\/grigori.impa.br\/site\/arquivos\/C3\/TVC3.pdf\">TVC3<\/a><\/strong>.<\/p>\n","protected":false},"excerpt":{"rendered":"<p>(2010) Ementa oficial do curso. Fun\u00e7\u00f5es Vetoriais Lista de exerc\u00edcios:&nbsp;Atualizada TVC 1, 1\u00aa chamada:&nbsp; Integrais M\u00faltiplas e Integrais Curvilineas (parte) Lista de exerc\u00edcios:&nbsp;Relativa a cap\u00edtulos 7 e 8 TVC 2, 1\u00aa chamada: 01\/06\/2010 Integrais Curvilineas (parte) e Integrais de Superf\u00edcie Lista de exerc\u00edcios: TVC 3, 1\u00aa chamada:&nbsp; Bibliografia: Gon\u00e7alves, M.B., Flemming, D. M., C\u00e1lculo B, &hellip;<\/p>\n<p class=\"read-more\"> <a class=\"\" href=\"http:\/\/lamap.ufjf.br\/grigori\/calculo-iii\/\"> <span class=\"screen-reader-text\">C\u00e1lculo III<\/span> Leia mais &raquo;<\/a><\/p>\n","protected":false},"author":7,"featured_media":0,"parent":0,"menu_order":0,"comment_status":"closed","ping_status":"closed","template":"","meta":{"_uag_custom_page_level_css":"","site-sidebar-layout":"default","site-content-layout":"default","ast-global-header-display":"","ast-main-header-display":"","ast-hfb-above-header-display":"","ast-hfb-below-header-display":"","ast-hfb-mobile-header-display":"","site-post-title":"","ast-breadcrumbs-content":"","ast-featured-img":"","footer-sml-layout":"","theme-transparent-header-meta":"default","adv-header-id-meta":"","stick-header-meta":"","header-above-stick-meta":"","header-main-stick-meta":"","header-below-stick-meta":"","footnotes":""},"uagb_featured_image_src":{"full":false,"thumbnail":false,"medium":false,"medium_large":false,"large":false,"1536x1536":false,"2048x2048":false},"uagb_author_info":{"display_name":"grigorichapiro","author_link":"http:\/\/lamap.ufjf.br\/grigori\/author\/grigorichapiro\/"},"uagb_comment_info":0,"uagb_excerpt":"(2010) Ementa oficial do curso. Fun\u00e7\u00f5es Vetoriais Lista de exerc\u00edcios:&nbsp;Atualizada TVC 1, 1\u00aa chamada:&nbsp; Integrais M\u00faltiplas e Integrais Curvilineas (parte) Lista de exerc\u00edcios:&nbsp;Relativa a cap\u00edtulos 7 e 8 TVC 2, 1\u00aa chamada: 01\/06\/2010 Integrais Curvilineas (parte) e Integrais de Superf\u00edcie Lista de exerc\u00edcios: TVC 3, 1\u00aa chamada:&nbsp; Bibliografia: Gon\u00e7alves, M.B., Flemming, D. M., C\u00e1lculo B,&hellip;","_links":{"self":[{"href":"http:\/\/lamap.ufjf.br\/grigori\/wp-json\/wp\/v2\/pages\/33"}],"collection":[{"href":"http:\/\/lamap.ufjf.br\/grigori\/wp-json\/wp\/v2\/pages"}],"about":[{"href":"http:\/\/lamap.ufjf.br\/grigori\/wp-json\/wp\/v2\/types\/page"}],"author":[{"embeddable":true,"href":"http:\/\/lamap.ufjf.br\/grigori\/wp-json\/wp\/v2\/users\/7"}],"replies":[{"embeddable":true,"href":"http:\/\/lamap.ufjf.br\/grigori\/wp-json\/wp\/v2\/comments?post=33"}],"version-history":[{"count":3,"href":"http:\/\/lamap.ufjf.br\/grigori\/wp-json\/wp\/v2\/pages\/33\/revisions"}],"predecessor-version":[{"id":75,"href":"http:\/\/lamap.ufjf.br\/grigori\/wp-json\/wp\/v2\/pages\/33\/revisions\/75"}],"wp:attachment":[{"href":"http:\/\/lamap.ufjf.br\/grigori\/wp-json\/wp\/v2\/media?parent=33"}],"curies":[{"name":"wp","href":"https:\/\/api.w.org\/{rel}","templated":true}]}}